or of 4 and 1089.
1
What is the highest common divisor of 410 and 93890?
410
Calculate the highest common divisor of 10 and 5554390.
10
What is the greatest common divisor of 5877 and 144?
9
Calculate the highest common factor of 11592 and 27531.
1449
Calculate the highest common factor of 17416 and 224.
56
What is the greatest common divisor of 16960 and 32080?
80
What is the highest common divisor of 2244 and 2132548?
748
What is the highest common factor of 3030 and 5071210?
1010
What is the greatest common divisor of 10452 and 12261?
201
Calculate the highest common factor of 10413 and 1911.
39
What is the highest common divisor of 39660 and 7140?
60
What is the greatest common factor of 1233 and 27?
9
Calculate the highest common divisor of 196232 and 1900.
76
Calculate the highest common factor of 336381 and 93.
93
Calculate the greatest common factor of 20 and 476090.
10
What is the greatest common factor of 5888 and 11684?
92
Calculate the highest common factor of 1285 and 1731152.
257
What is the highest common factor of 216593 and 13?
13
What is the highest common divisor of 127 and 826389?
127
What is the highest common divisor of 460 and 10895?
5
What is the highest common factor of 292502 and 34?
34
Calculate the highest common factor of 3034 and 219854.
74
What is the highest common factor of 88 and 17611?
11
What is the highest common factor of 8 and 4404?
4
Calculate the greatest common factor of 169990 and 445.
445
What is the greatest common factor of 13 and 668772?
13
What is the highest common divisor of 24418 and 15577?
421
What is the greatest common divisor of 65601 and 42624?
333
Calculate the greatest common factor of 218 and 13.
1
What is the greatest common divisor of 13596 and 11021?
103
Calculate the highest common factor of 130075 and 50.
25
Calculate the highest common factor of 10146087 and 54.
27
What is the highest common factor of 14 and 1654541?
7
What is the highest common divisor of 3618110 and 17?
17
What is the greatest common factor of 13 and 201708?
13
Calculate the highest common factor of 118988 and 12.
4
What is the greatest common factor of 228 and 1090638?
114
What is the highest common divisor of 580 and 3015565?
145
Calculate the greatest common divisor of 6840 and 117360.
360
What is the highest common factor of 976 and 2832?
16
Calculate the greatest common factor of 915 and 5505.
15
Calculate the highest common factor of 244 and 620492.
244
What is the greatest common divisor of 345 and 3015?
15
What is the greatest common factor of 1587 and 654879?
69
What is the highest common divisor of 44 and 3806?
22
Calculate the greatest common factor of 8 and 1245256.
8
What is the highest common factor of 40185 and 15?
15
What is the greatest common divisor of 8425 and 105481?
337
Calculate the highest common divisor of 11720 and 9962.
586
What is the highest common factor of 126 and 134127?
63
What is the greatest common factor of 12138 and 1869?
21
Calculate the greatest common divisor of 36 and 9323940.
12
What is the highest common divisor of 1260 and 640?
20
What is the highest common divisor of 172216 and 19646?
418
Calculate the highest common divisor of 1209 and 8339.
31
What is the highest common divisor of 4531 and 17533?
197
Calculate the highest common divisor of 1472450 and 100.
50
Calculate the highest common divisor of 58976 and 970.
194
Calculate the greatest common divisor of 4796 and 72812.
436
Calculate the highest common divisor of 819767 and 377.
13
Calculate the highest common divisor of 930644 and 44.
44
Calculate the greatest common divisor of 164 and 1386.
2
What is the highest common factor of 34892 and 80652?
572
Calculate the greatest common divisor of 4824 and 6700.
268
Calculate the greatest common factor of 25182 and 873.
9
Calculate the greatest common divisor of 586 and 265751.
293
What is the greatest common factor of 130 and 1378?
26
Calculate the greatest common factor of 2 and 507938.
2
Calculate the highest common divisor of 56 and 26348.
28
Calculate the greatest common divisor of 1275 and 174930.
255
Calculate the highest common divisor of 5586 and 14934.
114
Calculate the highest common divisor of 96985 and 595.
595
What is the highest common factor of 112185 and 46170?
405
What is the greatest common divisor of 634175 and 25?
25
What is the greatest common factor of 2595 and 92555?
865
Calculate the highest common divisor of 13867 and 2547.
283
What is the greatest common divisor of 26303 and 493?
29
Calculate the highest common divisor of 8 and 4789872.
8
What is the highest common divisor of 720756 and 72?
36
Calculate the greatest common factor of 978 and 12877.
163
What is the highest common divisor of 279 and 1962?
9
What is the greatest common factor of 7859 and 667?
29
Calculate the greatest common factor of 20891 and 13.
13
What is the greatest common divisor of 816 and 97248?
48
What is the greatest common divisor of 9348 and 132?
12
What is the greatest common divisor of 18 and 246114?
18
What is the greatest common divisor of 12383496 and 12?
12
What is the highest common factor of 2417400 and 1700?
1700
What is the highest common divisor of 60112 and 85?
17
Calculate the greatest common factor of 93385 and 4180.
95
What is the highest common factor of 1340 and 749596?
268
What is the highest common divisor of 207310 and 30?
10
What is the greatest common divisor of 259060 and 820?
20
What is the highest common factor of 15270 and 360?
30
What is the greatest common divisor of 27876 and 102?
6
What is the greatest common divisor of 28 and 145278?
14
Calculate the highest common factor of 4117360 and 1391.
1391
What is the highest common divisor of 44704 and 2816?
352
Calculate the greatest common factor of 14300454 and 383.
383
What is the greatest common divisor of 766 and 1842230?
766
What is the highest common divisor of 964862 and 1839?
613
What is the greatest common factor of 92 and 156722?
46
Calculate the highest common factor of 3240 and 550395.
405
Calculate the greatest common divisor of 1248 and 880.
16
What is the greatest common factor of 874 and 20482?
38
What is the highest common divisor of 32714 and 22?
22
What is the greatest common factor of 2144 and 370376?
536
What is the greatest common factor of 2304 and 1053?
9
What is the greatest common factor of 40 and 62050?
10
What is the greatest common factor of 204 and 1966628?
68
What is the highest common factor of 2784 and 9483?
87
What is the greatest common divisor of 282 and 3574?
2
Calculate the highest common factor of 387 and 18729.
9
Calculate the highest common factor of 10512 and 7056.
144
What is the greatest common divisor of 1274 and 65?
13
What is the greatest common factor of 46629 and 8019?
297
What is the highest common divisor of 6272 and 5120?
128
Calculate the highest common factor of 102 and 30141.
51
Calculate the greatest common factor of 106157 and 33254.
1279
Calculate the highest common factor of 890 and 35511.
89
What is the highest common divisor of 705 and 86997?
141
Calculate the highest common divisor of 60324 and 264.
132
What is the highest common divisor of 704 and 20160?
64
Calculate the greatest common factor of 387 and 13949028.
387
Calculate the highest common divisor of 122 and 39223.
61
Calculate the highest common factor of 23493 and 1476.
123
Calculate the highest common divisor of 26973 and 333.
333
What is the highest common divisor of 5066 and 654706?
298
What is the greatest common factor of 1203041 and 7?
7
Calculate the highest common divisor of 171614 and 212.
106
Calculate the highest common divisor of 1525 and 179350.
25
What is the greatest common divisor of 96835 and 2140?
535
Calculate the greatest common factor of 9313 and 335.
67
Calculate the highest common divisor of 639 and 1269693.
639
What is the highest common factor of 95827 and 158?
79
Calculate the greatest common divisor of 22763 and 39.
13
Calculate the greatest common divisor of 572 and 1705.
11
Calculate the greatest common factor of 233994 and 28674.
354
What is the greatest common divisor of 45 and 758232?
9
Calculate the highest common factor of 3432018 and 1068.
534
What is the highest common divisor of 34706 and 25382?
518
What is the greatest common di